{"id":2,"date":"2018-01-01T17:45:22","date_gmt":"2018-01-01T15:45:22","guid":{"rendered":"http:\/\/sybilledemgh.com\/?page_id=2"},"modified":"2022-02-17T00:34:21","modified_gmt":"2022-02-16T23:34:21","slug":"accueil","status":"publish","type":"page","link":"https:\/\/sybilledemgh.com\/","title":{"rendered":"Accueil"},"content":{"rendered":"<p>Bienvenue,<br \/>Je vous propose mes consultations de :<\/p>\n<p><b>Voyance<\/b>: Vous me posez vos questions et j&rsquo;y r\u00e9ponds gr\u00e2ce \u00e0 mes flashs et mon clair-ressenti.<\/p>\n<p><b>Hypnose<\/b>: Allez \u00e0 la rencontre de vous-m\u00eame en \u00e9tat modifi\u00e9 de conscience.<\/p>\n<p><b>Guidance<\/b>: R\u00e9-actualisez votre r\u00e9alit\u00e9, pour \u00eatre une meilleure version de vous-m\u00eame.<\/p>\n<p>Je ne propose pas de d\u00e9senvo\u00fbtement ni de contact avec les d\u00e9funts.<\/p>\n<hr \/>\n<p>\u00a0<\/p>\n\n\n<p>Site actuellement en pause. Le blog reste actif. <\/p>\n","protected":false},"excerpt":{"rendered":"<p>Bienvenue,Je vous propose mes consultations de : Voyance: Vous me posez vos questions et j&rsquo;y r\u00e9ponds gr\u00e2ce \u00e0 mes flashs et mon clair-ressenti. Hypnose: Allez \u00e0 la rencontre de vous-m\u00eame en \u00e9tat modifi\u00e9 de conscience. Guidance: R\u00e9-actualisez votre r\u00e9alit\u00e9, pour \u00eatre une meilleure version de vous-m\u00eame. Je ne propose pas de d\u00e9senvo\u00fbtement ni de contact &hellip; <\/p>\n<p class=\"link-more\"><a href=\"https:\/\/sybilledemgh.com\/\" class=\"more-link\">Continuer la lecture<span class=\"screen-reader-text\"> de &laquo;&nbsp;Accueil&nbsp;&raquo;<\/span><\/a><\/p>\n","protected":false},"author":2,"featured_media":0,"parent":0,"menu_order":0,"comment_status":"closed","ping_status":"closed","template":"","meta":{"advanced_seo_description":"","jetpack_seo_html_title":"","jetpack_seo_noindex":false,"_themeisle_gutenberg_block_has_review":false,"jetpack_post_was_ever_published":false,"footnotes":""},"class_list":["post-2","page","type-page","status-publish","hentry"],"jetpack_shortlink":"https:\/\/wp.me\/P9x5DS-2","jetpack_sharing_enabled":false,"jetpack_likes_enabled":true,"_links":{"self":[{"href":"https:\/\/sybilledemgh.com\/index.php\/wp-json\/wp\/v2\/pages\/2","targetHints":{"allow":["GET"]}}],"collection":[{"href":"https:\/\/sybilledemgh.com\/index.php\/wp-json\/wp\/v2\/pages"}],"about":[{"href":"https:\/\/sybilledemgh.com\/index.php\/wp-json\/wp\/v2\/types\/page"}],"author":[{"embeddable":true,"href":"https:\/\/sybilledemgh.com\/index.php\/wp-json\/wp\/v2\/users\/2"}],"replies":[{"embeddable":true,"href":"https:\/\/sybilledemgh.com\/index.php\/wp-json\/wp\/v2\/comments?post=2"}],"version-history":[{"count":47,"href":"https:\/\/sybilledemgh.com\/index.php\/wp-json\/wp\/v2\/pages\/2\/revisions"}],"predecessor-version":[{"id":6063,"href":"https:\/\/sybilledemgh.com\/index.php\/wp-json\/wp\/v2\/pages\/2\/revisions\/6063"}],"wp:attachment":[{"href":"https:\/\/sybilledemgh.com\/index.php\/wp-json\/wp\/v2\/media?parent=2"}],"curies":[{"name":"wp","href":"https:\/\/api.w.org\/{rel}","templated":true}]}}